{"id":1905,"date":"2020-04-24T18:02:58","date_gmt":"2020-04-24T21:02:58","guid":{"rendered":"https:\/\/isfd129-bue.infd.edu.ar\/sitio\/?page_id=1905"},"modified":"2026-04-29T22:34:57","modified_gmt":"2026-04-30T01:34:57","slug":"formularios-utiles","status":"publish","type":"page","link":"https:\/\/isfd129-bue.infd.edu.ar\/sitio\/formularios-utiles\/","title":{"rendered":"Formularios \u00fatiles"},"content":{"rendered":"<p><span style=\"font-family: arial, sans-serif;\">Ofrecemos a continuaci\u00f3n acceso a formularios y planillas \u00fatiles para todo el cuerpo docente.<\/span><\/p>\n<p><span style=\"font-family: arial, sans-serif;\">Todas las planillas son editables en el mismo PDF. Solo debe descargar, completar los campos digitalmente, y guardar el documento para su posterior impresi\u00f3n.<\/span><\/p>\n<p><a href=\"https:\/\/isfd129-bue.infd.edu.ar\/sitio\/wp-content\/uploads\/2024\/10\/Salida-educativa.zip\">Salidas educativas<\/a><\/p>\n<p><a href=\"https:\/\/isfd129-bue.infd.edu.ar\/sitio\/wp-content\/uploads\/2026\/04\/Planilla-de-Practicas-Solicitud-de-autorizacion.docx\" target=\"_blank\" rel=\"noopener\"><span style=\"font-family: arial, sans-serif;\">Planilla de pr\u00e1cticas &#8211; Pedido de autorizaci\u00f3n <\/span><\/a><\/p>\n<p><a href=\"https:\/\/isfd129-bue.infd.edu.ar\/sitio\/wp-content\/uploads\/2020\/04\/Autorizaci\u00f3n-para-observaciones-y-entrevistas.pdf\">Planilla de Pr\u00e1cticas &#8211; Autorizaci\u00f3n para observaciones y entrevistas<\/a><\/p>\n<p><a href=\"https:\/\/isfd129-bue.infd.edu.ar\/sitio\/wp-content\/uploads\/2020\/04\/Ficha-de-Afiliaci\u00f3n-a-IOMA-Para-editar-en-PC.pdf\">IOMA &#8211; Planilla de afiliaci\u00f3n<\/a><\/p>\n<p><a href=\"https:\/\/isfd129-bue.infd.edu.ar\/sitio\/wp-content\/uploads\/2020\/04\/Solicitud_de_licencia_sin_goce_de_haberes_y_por_mayor_jerarqu\u00eda.pdf\">Licencia sin goce de haberes o por mayor jerarqu\u00eda<\/a><\/p>\n<p><a href=\"https:\/\/isfd129-bue.infd.edu.ar\/sitio\/wp-content\/uploads\/2023\/08\/Nota-de-renuncia.pdf\" target=\"_blank\" rel=\"noopener\">Nota de Renuncia<\/a><\/p>\n<p><a href=\"https:\/\/isfd129-bue.infd.edu.ar\/sitio\/wp-content\/uploads\/2020\/05\/SET-4-Planilla-de-calificaci\u00f3n-anual.pdf\">SET 4 &#8211; Planilla de calificaci\u00f3n anual<\/a><\/p>\n<p><a href=\"https:\/\/isfd129-bue.infd.edu.ar\/sitio\/wp-content\/uploads\/2020\/05\/Instructivo-de-bancarizaci\u00f3n.pdf\">Instructivo de bancarizaci\u00f3n<\/a><\/p>\n<p><a href=\"https:\/\/isfd129-bue.infd.edu.ar\/sitio\/wp-content\/uploads\/2020\/05\/Declaraci\u00f3n-Jurada-Superior.doc\">Declaraci\u00f3n Jurada &#8211; Superior<\/a><\/p>\n","protected":false},"excerpt":{"rendered":"<p>Ofrecemos a continuaci\u00f3n acceso a formularios y planillas \u00fatiles para todo el cuerpo docente. Todas las planillas son editables en el mismo PDF. Solo debe descargar, completar los campos digitalmente, y guardar el documento para su posterior impresi\u00f3n. Salidas educativas Planilla de pr\u00e1cticas &#8211; Pedido de autorizaci\u00f3n Planilla de Pr\u00e1cticas &#8211; Autorizaci\u00f3n para observaciones y &#8230; <a title=\"Formularios \u00fatiles\" class=\"read-more\" href=\"https:\/\/isfd129-bue.infd.edu.ar\/sitio\/formularios-utiles\/\" aria-label=\"More on Formularios \u00fatiles\">[+]<\/a><\/p>\n","protected":false},"author":2220,"featured_media":0,"parent":0,"menu_order":0,"comment_status":"closed","ping_status":"closed","template":"","meta":[],"acf":[],"_links":{"self":[{"href":"https:\/\/isfd129-bue.infd.edu.ar\/sitio\/wp-json\/wp\/v2\/pages\/1905"}],"collection":[{"href":"https:\/\/isfd129-bue.infd.edu.ar\/sitio\/wp-json\/wp\/v2\/pages"}],"about":[{"href":"https:\/\/isfd129-bue.infd.edu.ar\/sitio\/wp-json\/wp\/v2\/types\/page"}],"author":[{"embeddable":true,"href":"https:\/\/isfd129-bue.infd.edu.ar\/sitio\/wp-json\/wp\/v2\/users\/2220"}],"replies":[{"embeddable":true,"href":"https:\/\/isfd129-bue.infd.edu.ar\/sitio\/wp-json\/wp\/v2\/comments?post=1905"}],"version-history":[{"count":13,"href":"https:\/\/isfd129-bue.infd.edu.ar\/sitio\/wp-json\/wp\/v2\/pages\/1905\/revisions"}],"predecessor-version":[{"id":3483,"href":"https:\/\/isfd129-bue.infd.edu.ar\/sitio\/wp-json\/wp\/v2\/pages\/1905\/revisions\/3483"}],"wp:attachment":[{"href":"https:\/\/isfd129-bue.infd.edu.ar\/sitio\/wp-json\/wp\/v2\/media?parent=1905"}],"curies":[{"name":"wp","href":"https:\/\/api.w.org\/{rel}","templated":true}]}}