{"id":2742,"date":"2021-03-23T14:48:59","date_gmt":"2021-03-23T17:48:59","guid":{"rendered":"https:\/\/isfd129-bue.infd.edu.ar\/sitio\/?page_id=2742"},"modified":"2026-04-10T13:31:27","modified_gmt":"2026-04-10T16:31:27","slug":"normativa-institucional","status":"publish","type":"page","link":"https:\/\/isfd129-bue.infd.edu.ar\/sitio\/normativa-institucional\/","title":{"rendered":"Normativa &#8211; Institucional"},"content":{"rendered":"<p><strong>INSTITUCIONAL<\/strong><\/p>\n<p><a href=\"https:\/\/isfd129-bue.infd.edu.ar\/sitio\/wp-content\/uploads\/2024\/12\/Regimen-Academico-Marco.pdf\">R\u00c9GIMEN ACAD\u00c9MICO MARCO (2024)<\/a><\/p>\n<p>R\u00c9GIMEN ACAD\u00c9MICO INSTITUCIONAL (En proceso de actualizaci\u00f3n en 2025)<\/p>\n<p><a href=\"https:\/\/isfd129-bue.infd.edu.ar\/sitio\/wp-content\/uploads\/2021\/03\/Reglamento-del-Espacio-de-la-Pr\u00e1ctica-Docente.pdf\" target=\"_blank\" rel=\"noopener\">REGLAMENTO DEL ESPACIO DE LA PR\u00c1CTICA (En proceso de actualizaci\u00f3n en 2025)<\/a><\/p>\n<p><a href=\"https:\/\/isfd129-bue.infd.edu.ar\/sitio\/wp-content\/uploads\/2021\/04\/Acuerdos-Regionales-del-Campo-de-la-Pr\u00e1ctica.pdf\" target=\"_blank\" rel=\"noopener\">PROFESORADO DE NIVEL INICIAL &#8211; ACUERDOS REGIONALES PARA EL CAMPO DE LA PR\u00c1CTICA<\/a><\/p>\n<p><a href=\"https:\/\/isfd129-bue.infd.edu.ar\/sitio\/wp-content\/uploads\/2023\/12\/Protocolo-de-Accion-Institucional.pdf\">PROTOCOLO DE ACCI\u00d3N &#8211; SITUACIONES DE VIOLENCIA Y\/O DISCRIMINACI\u00d3N DE G\u00c9NERO U ORIENTACI\u00d3N SEXUAL<\/a><\/p>\n<hr \/>\n<p><strong>NORMATIVA NACIONAL Y PROVINCIAL SOBRE EDUCACI\u00d3N<\/strong><\/p>\n<p><a href=\"https:\/\/isfd129-bue.infd.edu.ar\/sitio\/wp-content\/uploads\/2021\/03\/Ley-Nacional-de-Educaci\u00f3n-26.206.pdf\" target=\"_blank\" rel=\"noopener\">LEY DE EDUCACI\u00d3N NACIONAL (26.206)<\/a><\/p>\n<p><a href=\"https:\/\/isfd129-bue.infd.edu.ar\/sitio\/wp-content\/uploads\/2021\/03\/Ley-de-Educaci\u00f3n-Provincial-13.688.pdf\" target=\"_blank\" rel=\"noopener\">LEY DE EDUCACI\u00d3N PROVINCIAL (13.688)<\/a><\/p>\n<p><a href=\"https:\/\/isfd129-bue.infd.edu.ar\/sitio\/wp-content\/uploads\/2021\/03\/Ley-de-Educaci\u00f3n-Superior-24.521.pdf\" target=\"_blank\" rel=\"noopener\">LEY DE EDUCACI\u00d3N SUPERIOR (24.521)<\/a><\/p>\n<p><a href=\"https:\/\/isfd129-bue.infd.edu.ar\/sitio\/wp-content\/uploads\/2021\/03\/Modificatoria-de-la-Ley-de-Educaci\u00f3n-Superior-Ley-27.204.pdf\" target=\"_blank\" rel=\"noopener\">MODIFICATORIA DE LA LEY DE EDUCACI\u00d3N SUPERIOR (27.204)<\/a><\/p>\n<hr \/>\n<p><strong>RESOLUCIONES, DISPOSICIONES Y OTRAS NORMATIVAS<\/strong><\/p>\n<p><a href=\"https:\/\/isfd129-bue.infd.edu.ar\/sitio\/wp-content\/uploads\/2021\/04\/ROM_-_Documento_Base_Marzo_2017.pdf\" target=\"_blank\" rel=\"noopener\">REGLAMENTO ORG\u00c1NICO MARCO (2017)<\/a><\/p>\n<p><a href=\"https:\/\/isfd129-bue.infd.edu.ar\/sitio\/wp-content\/uploads\/2021\/03\/REGLAMENTO-DE-INSTITUTOS-SUPERIORES-RES.-2383-05.pdf\" target=\"_blank\" rel=\"noopener\">REGLAMENTO DE INSTITUTOS SUPERIORES (RES. 2383\/05)<\/a><\/p>\n<p><a href=\"https:\/\/isfd129-bue.infd.edu.ar\/sitio\/wp-content\/uploads\/2021\/03\/Regimen-Acad\u00e9mico-Marco-Institucional.pdf\" target=\"_blank\" rel=\"noopener\">R\u00c9GIMEN ACAD\u00c9MICO MARCO JURISDICCIONAL (RES. 4043\/09)<\/a><\/p>\n<p><a href=\"https:\/\/isfd129-bue.infd.edu.ar\/sitio\/wp-content\/uploads\/2022\/09\/Anexos_y_Resolucion_CAI_2009-1.pdf\" target=\"_blank\" rel=\"noopener\">CONSEJO ACAD\u00c9MICO INSTITUCIONAL (RES. 4044\/09)<\/a><\/p>\n<p><a href=\"https:\/\/isfd129-bue.infd.edu.ar\/sitio\/wp-content\/uploads\/2021\/03\/Centros-de-estudiantes-Disposici\u00f3n-109-07.pdf\" target=\"_blank\" rel=\"noopener\">CENTROS DE ESTUDIANTES (DISP. 109-07)<\/a><\/p>\n<p><a href=\"https:\/\/isfd129-bue.infd.edu.ar\/sitio\/wp-content\/uploads\/2021\/03\/Modelo-de-Estatuto-para-Centros-de-Estudiantes-Res-4900-05.pdf\" target=\"_blank\" rel=\"noopener\">MODELO DE ESTATUTO &#8211; CENTRO DE ESTUDIANTES (RES.4900\/05)<\/a><\/p>\n<p><a href=\"https:\/\/isfd129-bue.infd.edu.ar\/sitio\/wp-content\/uploads\/2021\/04\/Licencia-para-estudiantes-embarazadas-LEY-14637.pdf\" target=\"_blank\" rel=\"noopener\">LICENCIA PARA MADRES CON EMBARAZO (LEY 14.637)<\/a><\/p>\n<p><a href=\"https:\/\/isfd129-bue.infd.edu.ar\/sitio\/wp-content\/uploads\/2021\/03\/Ayudant\u00edas-de-C\u00e1tedra-Resoluci\u00f3n-3121.pdf\" target=\"_blank\" rel=\"noopener\">AYUDANT\u00cdAS DE C\u00c1TEDRA (RES. 1321)<\/a><\/p>\n<p><a href=\"https:\/\/isfd129-bue.infd.edu.ar\/sitio\/wp-content\/uploads\/2021\/03\/Cobertura-de-C\u00e1tedras-Resoluci\u00f3n-5886-03.pdf\" target=\"_blank\" rel=\"noopener\">COBERTURA DE C\u00c1TEDRAS (RES. 5886\/03)<\/a><\/p>\n<p><a href=\"https:\/\/isfd129-bue.infd.edu.ar\/sitio\/wp-content\/uploads\/2021\/03\/Instructivo-para-la-confecci\u00f3n-de-Proyectos-de-C\u00e1tedra-Disposicion-30-05.pdf\" target=\"_blank\" rel=\"noopener\">INSTRUCTIVO PARA LA CONFECCI\u00d3N DE PROYECTOS DE C\u00c1TEDRA (DISP. 30\/05)<\/a><\/p>\n<p><a href=\"https:\/\/isfd129-bue.infd.edu.ar\/sitio\/wp-content\/uploads\/2021\/03\/Reglamentaci\u00f3n-de-concursos-transitorios-Resoluci\u00f3n-82405.pdf\" target=\"_blank\" rel=\"noopener\">REGLAMENTACI\u00d3N DE CONCURSOS TRANSITORIOS (RES. 824\/05)<\/a><\/p>\n<p><a href=\"https:\/\/isfd129-bue.infd.edu.ar\/sitio\/wp-content\/uploads\/2021\/03\/Evaluacion-Resoluci\u00f3n-1434.pdf\" target=\"_blank\" rel=\"noopener\">EVALUACI\u00d3N (RES. 1434)<\/a><\/p>\n<p><a href=\"https:\/\/isfd129-bue.infd.edu.ar\/sitio\/wp-content\/uploads\/2021\/03\/Extensi\u00f3n-promoci\u00f3n-investigaci\u00f3n-y-desarrollo-Resoluci\u00f3n-4105.pdf\" target=\"_blank\" rel=\"noopener\">EXTENSI\u00d3N, PROMOCI\u00d3N, INVESTIGACI\u00d3N Y DESARROLLO (RES. 41\/05)<\/a><\/p>\n","protected":false},"excerpt":{"rendered":"<p>INSTITUCIONAL R\u00c9GIMEN ACAD\u00c9MICO MARCO (2024) R\u00c9GIMEN ACAD\u00c9MICO INSTITUCIONAL (En proceso de actualizaci\u00f3n en 2025) REGLAMENTO DEL ESPACIO DE LA PR\u00c1CTICA (En proceso de actualizaci\u00f3n en 2025) PROFESORADO DE NIVEL INICIAL &#8211; ACUERDOS REGIONALES PARA EL CAMPO DE LA PR\u00c1CTICA PROTOCOLO DE ACCI\u00d3N &#8211; SITUACIONES DE VIOLENCIA Y\/O DISCRIMINACI\u00d3N DE G\u00c9NERO U ORIENTACI\u00d3N SEXUAL NORMATIVA NACIONAL &#8230; <a title=\"Normativa &#8211; Institucional\" class=\"read-more\" href=\"https:\/\/isfd129-bue.infd.edu.ar\/sitio\/normativa-institucional\/\" aria-label=\"More on Normativa &#8211; Institucional\">[+]<\/a><\/p>\n","protected":false},"author":1663,"featured_media":0,"parent":0,"menu_order":0,"comment_status":"closed","ping_status":"closed","template":"","meta":[],"acf":[],"_links":{"self":[{"href":"https:\/\/isfd129-bue.infd.edu.ar\/sitio\/wp-json\/wp\/v2\/pages\/2742"}],"collection":[{"href":"https:\/\/isfd129-bue.infd.edu.ar\/sitio\/wp-json\/wp\/v2\/pages"}],"about":[{"href":"https:\/\/isfd129-bue.infd.edu.ar\/sitio\/wp-json\/wp\/v2\/types\/page"}],"author":[{"embeddable":true,"href":"https:\/\/isfd129-bue.infd.edu.ar\/sitio\/wp-json\/wp\/v2\/users\/1663"}],"replies":[{"embeddable":true,"href":"https:\/\/isfd129-bue.infd.edu.ar\/sitio\/wp-json\/wp\/v2\/comments?post=2742"}],"version-history":[{"count":16,"href":"https:\/\/isfd129-bue.infd.edu.ar\/sitio\/wp-json\/wp\/v2\/pages\/2742\/revisions"}],"predecessor-version":[{"id":3477,"href":"https:\/\/isfd129-bue.infd.edu.ar\/sitio\/wp-json\/wp\/v2\/pages\/2742\/revisions\/3477"}],"wp:attachment":[{"href":"https:\/\/isfd129-bue.infd.edu.ar\/sitio\/wp-json\/wp\/v2\/media?parent=2742"}],"curies":[{"name":"wp","href":"https:\/\/api.w.org\/{rel}","templated":true}]}}